{"id":1773,"date":"2015-09-02T18:33:31","date_gmt":"2015-09-02T19:33:31","guid":{"rendered":"http:\/\/blog.hwbk.de\/?page_id=1773"},"modified":"2024-11-29T15:21:11","modified_gmt":"2024-11-29T16:21:11","slug":"bfs-11-12","status":"publish","type":"page","link":"https:\/\/hwbk.de\/WordPress_02\/bildungsgange\/berufsfachschule-abschluss-mittlere-reife\/bfs-11-12\/","title":{"rendered":"Berufsfachschule Stufe 2 (BFSE12 \/ BFSG12)"},"content":{"rendered":"\n<h2 class=\"wp-block-heading\">Berufsfachschule Stufe 2 (BFSE12 \/ BFSG12)<\/h2>\n\n\n\n<div class=\"wp-block-columns is-layout-flex wp-container-core-columns-is-layout-9d6595d7 wp-block-columns-is-layout-flex\">\n<div class=\"wp-block-column is-layout-flow wp-block-column-is-layout-flow\" style=\"flex-basis:66.66%\">\n<h5 class=\"wp-block-heading\"><strong>Schwerpunkte:<\/strong><\/h5>\n\n\n\n<ul class=\"wp-block-list\"><li>Ern\u00e4hrungs- und Versorgungsmanagement (BFSE12)<\/li><li>Gesundheit\/Erziehung und Soziales (BFSG12)<\/li><\/ul>\n\n\n\n<p>Die Klassen der Berufsfachschule Stufe 2 bieten als einj\u00e4hrige Bildungsg\u00e4nge in Vollzeitform die M\u00f6glichkeit den Mittleren Schulabschluss (Fachoberschulreife) zu erwerben. Gleichzeitig erh\u00e4lt man \u00fcber den Praxisunterricht am Berufskolleg und das Praktikum die M\u00f6glichkeit, die berufliche Praxis in einem der beiden Schwerpunkte kennenzulernen.<\/p>\n\n\n\n<div class=\"wp-block-pb-accordion-item c-accordion__item js-accordion-item no-js\" data-initially-open=\"false\" data-click-to-close=\"true\" data-auto-close=\"true\" data-scroll=\"false\" data-scroll-offset=\"0\"><h4 id=\"at-45851\" class=\"c-accordion__title js-accordion-controller\" role=\"button\">Welche Voraussetzungen muss ich erf\u00fcllen?<\/h4><div id=\"ac-45851\" class=\"c-accordion__content\">\n<ul class=\"wp-block-list\"><li>Mindestens den Erweiterten Ersten Schulabschluss (ehem. Hauptschulabschluss nach Klasse 10)<\/li><li>Erf\u00fcllung der zehnj\u00e4hrigen Vollzeitschulpflicht<\/li><li>Interesse an einem der beiden Schwerpunkte<\/li><\/ul>\n<\/div><\/div>\n\n\n\n<div class=\"wp-block-pb-accordion-item c-accordion__item js-accordion-item no-js\" data-initially-open=\"false\" data-click-to-close=\"true\" data-auto-close=\"true\" data-scroll=\"false\" data-scroll-offset=\"0\"><h4 id=\"at-95068\" class=\"c-accordion__title js-accordion-controller\" role=\"button\">Welchen Schulabschluss kann ich erreichen?<\/h4><div id=\"ac-95068\" class=\"c-accordion__content\">\n<ul class=\"wp-block-list\"><li>berufliche Kenntnisse, Fertigkeiten und F\u00e4higkeiten im Bereich Ern\u00e4hrungs- und Versorgungsmanagement oder im Bereich Gesundheit\/Erziehung und Soziales<\/li><li>den Mittleren Schulabschluss (Fachoberschulreife), der mit der Berechtigung zum Besuch der Gymnasialen Oberstufe verbunden sein kann (Qualifikationsvermerk)<\/li><\/ul>\n<\/div><\/div>\n\n\n\n<div class=\"wp-block-pb-accordion-item c-accordion__item js-accordion-item no-js\" data-initially-open=\"false\" data-click-to-close=\"true\" data-auto-close=\"true\" data-scroll=\"false\" data-scroll-offset=\"0\"><h4 id=\"at-752\" class=\"c-accordion__title js-accordion-controller\" role=\"button\">Welche Unterrichtsf\u00e4cher belege ich?<\/h4><div id=\"ac-752\" class=\"c-accordion__content\">\n<p>Im Bereich Ern\u00e4hrungs- und Versorgungsmanagement:<\/p>\n\n\n\n<ul class=\"wp-block-list\"><li>Betriebsorganisation, Produktion und Dienstleistung<\/li><\/ul>\n\n\n\n<p>Im Bereich Gesundheit\/Erziehung und Soziales:<\/p>\n\n\n\n<ul class=\"wp-block-list\"><li>Erziehung und Soziales, Pflege und Gesundheit, Personal- und Arbeitsorganisation<\/li><\/ul>\n\n\n\n<p>sowie in beiden Bereichen:<\/p>\n\n\n\n<ul class=\"wp-block-list\"><li>Deutsch\/Kommunikation<\/li><li>Mathematik<\/li><li>Englisch<\/li><li>Wirtschafts- und Betriebslehre<\/li><li>Politik\/Gesellschaftslehre<\/li><li>Sport\/Gesundheitsf\u00f6rderung<\/li><\/ul>\n\n\n\n<p>Differenzierungsbereich:<\/p>\n\n\n\n<ul class=\"wp-block-list\"><li>gem\u00e4\u00df Entscheidung der Bildungsgangkonferenz z.B. Datenverarbeitung<\/li><\/ul>\n<\/div><\/div>\n\n\n\n<div class=\"wp-block-pb-accordion-item c-accordion__item js-accordion-item no-js\" data-initially-open=\"false\" data-click-to-close=\"true\" data-auto-close=\"true\" data-scroll=\"false\" data-scroll-offset=\"0\"><h4 id=\"at-90761\" class=\"c-accordion__title js-accordion-controller\" role=\"button\">Welche Praktika absolviere ich?<\/h4><div id=\"ac-90761\" class=\"c-accordion__content\">\n<p>Im Bereich Ern\u00e4hrungs- und Versorgungsmanagement:<\/p>\n\n\n\n<ul class=\"wp-block-list\"><li>ein dreiw\u00f6chiges Betriebspraktikum z.B. im Hotel, Restaurant, Gro\u00dfk\u00fcche, B\u00e4ckerei, Konditorei<\/li><\/ul>\n\n\n\n<p>Im Bereich Gesundheit\/Erziehung und Soziales:<\/p>\n\n\n\n<ul class=\"wp-block-list\"><li>ein dreiw\u00f6chiges Betriebspraktikum z.B. im Krankenhaus, im Kindergarten oder in einer Altenpflegeeinrichtung<\/li><\/ul>\n<\/div><\/div>\n\n\n\n<div class=\"wp-block-pb-accordion-item c-accordion__item js-accordion-item no-js\" data-initially-open=\"false\" data-click-to-close=\"true\" data-auto-close=\"true\" data-scroll=\"false\" data-scroll-offset=\"0\"><h4 id=\"at-31146\" class=\"c-accordion__title js-accordion-controller\" role=\"button\">Welche Besonderheiten bietet der Bildungsgang?<\/h4><div id=\"ac-31146\" class=\"c-accordion__content\">\n<ul class=\"wp-block-list\"><li>die Berufsfachschule bietet berufliche Kenntnisse und damit Praxisn\u00e4he; au\u00dferdem die Gewissheit das richtige Berufsfeld gew\u00e4hlt zu haben<\/li><li>Entscheidungshilfe bei der Berufswahl<\/li><li>Vorteile bei der Suche nach einem Ausbildungsplatz im Berufsfeld durch das integrierte Praktikum<\/li><\/ul>\n<\/div><\/div>\n\n\n\n<div class=\"wp-block-pb-accordion-item c-accordion__item js-accordion-item no-js\" data-initially-open=\"false\" data-click-to-close=\"true\" data-auto-close=\"true\" data-scroll=\"false\" data-scroll-offset=\"0\"><h4 id=\"at-17044\" class=\"c-accordion__title js-accordion-controller\" role=\"button\">Welche M\u00f6glichkeiten bieten sich mir mit dem Schulabschluss?<\/h4><div id=\"ac-17044\" class=\"c-accordion__content\">\n<p>Erfolgreiche Absolventen erhalten ein Abschusszeugnis.<\/p>\n\n\n\n<p>Der Abschluss<\/p>\n\n\n\n<ul class=\"wp-block-list\"><li>vermittelt den mittleren Schulabschluss (Fachoberschulreife)<\/li><li>\u00f6ffnet den Absolventen weitere Ausbildungswege<ul><li>im Bereich Ern\u00e4hrungs- und Versorgungsmanagement z.B. im Gastgewerbe, Lebensmittelhandwerk oder im Bereich Hauswirtschaft<\/li><li>im Bereich Gesundheit\/Erziehung und Soziales z.B. in der Alten-\/Krankenpflege oder im sozialen Bereich<\/li><\/ul><\/li><li>vermittelt bei bestimmten Mindestleistungen den &#8222;Q-Vermerk&#8220; f\u00fcr den Besuch der Gymnasialen Oberstufe<\/li><\/ul>\n<\/div><\/div>\n\n\n\n<div class=\"wp-block-pb-accordion-item c-accordion__item js-accordion-item no-js\" data-initially-open=\"false\" data-click-to-close=\"true\" data-auto-close=\"true\" data-scroll=\"false\" data-scroll-offset=\"0\"><h4 id=\"at-44846\" class=\"c-accordion__title js-accordion-controller\" role=\"button\">Wie kann ich mich f\u00fcr den Bildungsgang anmelden?<\/h4><div id=\"ac-44846\" class=\"c-accordion__content\">\n<p>Anmeldungen f\u00fcr das n\u00e4chste Schuljahr sind direkt nach dem Erhalt des Halbjahreszeugnisses im Online-Verfahren in der Sek. I-Schule oder direkt in unserem Berufskolleg m\u00f6glich (<a href=\"http:\/\/www.schulbewerbung.de\/\" target=\"_blank\" rel=\"noreferrer noopener\">www.schulbewerbung.de<\/a>).<\/p>\n\n\n\n<p>Folgende Unterlagen m\u00fcssen bei uns abgegeben werden:<\/p>\n\n\n\n<ul class=\"wp-block-list\"><li>Tabellarischer Lebenslauf<\/li><li>Kopie des Halbjahreszeugnisses oder<\/li><li>Abschluss- oder Abgangszeugnisse als beglaubigte Kopien.<\/li><\/ul>\n\n\n\n<p>Ein Angebot zur pers\u00f6nlichen Beratung besteht an den Informationstagen, die in der Presse und im Internet bekannt gegeben werden.<\/p>\n<\/div><\/div>\n\n\n\n<div class=\"wp-block-pb-accordion-item c-accordion__item js-accordion-item no-js\" data-initially-open=\"false\" data-click-to-close=\"true\" data-auto-close=\"true\" data-scroll=\"false\" data-scroll-offset=\"0\"><h4 id=\"at-11536\" class=\"c-accordion__title js-accordion-controller\" role=\"button\">Flyer zum Bildungsgang<\/h4><div id=\"ac-11536\" class=\"c-accordion__content\">\n<p><a href=\"http:\/\/hwbk.de\/WordPress_02\/wp-content\/uploads\/2024\/11\/05_Berfusfachschule-fuer-Ernaehrungs_und_Vorsogungsmanagment_Infoflyer_2024.pdf\" target=\"_blank\" rel=\"noreferrer noopener\">Flyer f\u00fcr die Berufsfachschule Stufe 2, Schwerpunkt Ern\u00e4hrungs- und Versorgungsmanagement<\/a><\/p>\n\n\n\n<p><a href=\"http:\/\/hwbk.de\/WordPress_02\/wp-content\/uploads\/2024\/11\/06_GesundheitErziehungSoziales_Infoflyer_2024.pdf\" target=\"_blank\" rel=\"noreferrer noopener\">Flyer f\u00fcr die Berufsfachschule Stufe 2, Schwerpunkt Gesundheit\/Erziehung und Soziales<\/a><\/p>\n<\/div><\/div>\n<\/div>\n\n\n\n<div class=\"wp-block-column is-layout-flow wp-block-column-is-layout-flow\" style=\"flex-basis:33.33%\">\n<h4 class=\"wp-block-heading\">Ansprechpartnerin<\/h4>\n\n\n\n<p>Frau Westen<\/p>\n\n\n\n<p>\u2709 <a href=\"mailto:westen@hwbk.de\">westen@hwbk.de<\/a><\/p>\n\n\n\n<p>\u260e 05251\/1423-200<\/p>\n\n\n\n<figure class=\"wp-block-embed is-type-video is-provider-youtube wp-block-embed-youtube wp-embed-aspect-16-9 wp-has-aspect-ratio\"><div class=\"wp-block-embed__wrapper\">\n<iframe loading=\"lazy\"  id=\"_ytid_20081\"  width=\"480\" height=\"270\"  data-origwidth=\"480\" data-origheight=\"270\" src=\"https:\/\/www.youtube.com\/embed\/qLWjw435kjI?enablejsapi=1&#038;autoplay=0&#038;cc_load_policy=0&#038;cc_lang_pref=&#038;iv_load_policy=1&#038;loop=0&#038;rel=0&#038;fs=1&#038;playsinline=0&#038;autohide=2&#038;theme=dark&#038;color=red&#038;controls=1&#038;disablekb=0&#038;\" class=\"__youtube_prefs__  epyt-is-override  no-lazyload\" title=\"YouTube player\"  allow=\"fullscreen; accelerometer; autoplay; clipboard-write; encrypted-media; gyroscope; picture-in-picture; web-share\" referrerpolicy=\"strict-origin-when-cross-origin\" allowfullscreen data-no-lazy=\"1\" data-skipgform_ajax_framebjll=\"\"><\/iframe>\n<\/div><\/figure>\n\n\n\n<figure class=\"wp-block-embed is-type-video is-provider-youtube wp-block-embed-youtube wp-embed-aspect-16-9 wp-has-aspect-ratio\"><div class=\"wp-block-embed__wrapper\">\n<iframe loading=\"lazy\"  id=\"_ytid_83525\"  width=\"480\" height=\"270\"  data-origwidth=\"480\" data-origheight=\"270\" src=\"https:\/\/www.youtube.com\/embed\/Ju9yFlKlfIc?enablejsapi=1&#038;autoplay=0&#038;cc_load_policy=0&#038;cc_lang_pref=&#038;iv_load_policy=1&#038;loop=0&#038;rel=0&#038;fs=1&#038;playsinline=0&#038;autohide=2&#038;theme=dark&#038;color=red&#038;controls=1&#038;disablekb=0&#038;\" class=\"__youtube_prefs__  epyt-is-override  no-lazyload\" title=\"YouTube player\"  allow=\"fullscreen; accelerometer; autoplay; clipboard-write; encrypted-media; gyroscope; picture-in-picture; web-share\" referrerpolicy=\"strict-origin-when-cross-origin\" allowfullscreen data-no-lazy=\"1\" data-skipgform_ajax_framebjll=\"\"><\/iframe>\n<\/div><\/figure>\n<\/div>\n<\/div>\n\n\n\n<p><\/p>\n","protected":false},"excerpt":{"rendered":"<p>Berufsfachschule Stufe 2 (BFSE12 \/ BFSG12) Schwerpunkte: Ern\u00e4hrungs- und Versorgungsmanagement (BFSE12) Gesundheit\/Erziehung und Soziales (BFSG12) Die Klassen der Berufsfachschule Stufe 2 bieten als einj\u00e4hrige Bildungsg\u00e4nge in Vollzeitform die M\u00f6glichkeit den Mittleren Schulabschluss (Fachoberschulreife) zu erwerben. Gleichzeitig erh\u00e4lt man \u00fcber den &hellip; <a href=\"https:\/\/hwbk.de\/WordPress_02\/bildungsgange\/berufsfachschule-abschluss-mittlere-reife\/bfs-11-12\/\">Continue reading <span class=\"meta-nav\">&rarr;<\/span><\/a><\/p>\n","protected":false},"author":8,"featured_media":0,"parent":858,"menu_order":1,"comment_status":"closed","ping_status":"closed","template":"","meta":{"footnotes":""},"class_list":["post-1773","page","type-page","status-publish","hentry"],"_links":{"self":[{"href":"https:\/\/hwbk.de\/WordPress_02\/wp-json\/wp\/v2\/pages\/1773","targetHints":{"allow":["GET"]}}],"collection":[{"href":"https:\/\/hwbk.de\/WordPress_02\/wp-json\/wp\/v2\/pages"}],"about":[{"href":"https:\/\/hwbk.de\/WordPress_02\/wp-json\/wp\/v2\/types\/page"}],"author":[{"embeddable":true,"href":"https:\/\/hwbk.de\/WordPress_02\/wp-json\/wp\/v2\/users\/8"}],"replies":[{"embeddable":true,"href":"https:\/\/hwbk.de\/WordPress_02\/wp-json\/wp\/v2\/comments?post=1773"}],"version-history":[{"count":23,"href":"https:\/\/hwbk.de\/WordPress_02\/wp-json\/wp\/v2\/pages\/1773\/revisions"}],"predecessor-version":[{"id":6879,"href":"https:\/\/hwbk.de\/WordPress_02\/wp-json\/wp\/v2\/pages\/1773\/revisions\/6879"}],"up":[{"embeddable":true,"href":"https:\/\/hwbk.de\/WordPress_02\/wp-json\/wp\/v2\/pages\/858"}],"wp:attachment":[{"href":"https:\/\/hwbk.de\/WordPress_02\/wp-json\/wp\/v2\/media?parent=1773"}],"curies":[{"name":"wp","href":"https:\/\/api.w.org\/{rel}","templated":true}]}}

<h2 class="wp-block-heading">Berufsfachschule Stufe 2 (BFSE12 / BFSG12)</h2>



<div class="wp-block-columns is-layout-flex wp-container-core-columns-is-layout-9d6595d7 wp-block-columns-is-layout-flex">
<div class="wp-block-column is-layout-flow wp-block-column-is-layout-flow" style="flex-basis:66.66%">
<h5 class="wp-block-heading"><strong>Schwerpunkte:</strong></h5>



<ul class="wp-block-list"><li>Ernährungs- und Versorgungsmanagement (BFSE12)</li><li>Gesundheit/Erziehung und Soziales (BFSG12)</li></ul>



<p>Die Klassen der Berufsfachschule Stufe 2 bieten als einjährige Bildungsgänge in Vollzeitform die Möglichkeit den Mittleren Schulabschluss (Fachoberschulreife) zu erwerben. Gleichzeitig erhält man über den Praxisunterricht am Berufskolleg und das Praktikum die Möglichkeit, die berufliche Praxis in einem der beiden Schwerpunkte kennenzulernen.</p>



<div class="wp-block-pb-accordion-item c-accordion__item js-accordion-item no-js" data-initially-open="false" data-click-to-close="true" data-auto-close="true" data-scroll="false" data-scroll-offset="0"><h4 id="at-45851" class="c-accordion__title js-accordion-controller" role="button">Welche Voraussetzungen muss ich erfüllen?</h4><div id="ac-45851" class="c-accordion__content">
<ul class="wp-block-list"><li>Mindestens den Erweiterten Ersten Schulabschluss (ehem. Hauptschulabschluss nach Klasse 10)</li><li>Erfüllung der zehnjährigen Vollzeitschulpflicht</li><li>Interesse an einem der beiden Schwerpunkte</li></ul>
</div></div>



<div class="wp-block-pb-accordion-item c-accordion__item js-accordion-item no-js" data-initially-open="false" data-click-to-close="true" data-auto-close="true" data-scroll="false" data-scroll-offset="0"><h4 id="at-95068" class="c-accordion__title js-accordion-controller" role="button">Welchen Schulabschluss kann ich erreichen?</h4><div id="ac-95068" class="c-accordion__content">
<ul class="wp-block-list"><li>berufliche Kenntnisse, Fertigkeiten und Fähigkeiten im Bereich Ernährungs- und Versorgungsmanagement oder im Bereich Gesundheit/Erziehung und Soziales</li><li>den Mittleren Schulabschluss (Fachoberschulreife), der mit der Berechtigung zum Besuch der Gymnasialen Oberstufe verbunden sein kann (Qualifikationsvermerk)</li></ul>
</div></div>



<div class="wp-block-pb-accordion-item c-accordion__item js-accordion-item no-js" data-initially-open="false" data-click-to-close="true" data-auto-close="true" data-scroll="false" data-scroll-offset="0"><h4 id="at-752" class="c-accordion__title js-accordion-controller" role="button">Welche Unterrichtsfächer belege ich?</h4><div id="ac-752" class="c-accordion__content">
<p>Im Bereich Ernährungs- und Versorgungsmanagement:</p>



<ul class="wp-block-list"><li>Betriebsorganisation, Produktion und Dienstleistung</li></ul>



<p>Im Bereich Gesundheit/Erziehung und Soziales:</p>



<ul class="wp-block-list"><li>Erziehung und Soziales, Pflege und Gesundheit, Personal- und Arbeitsorganisation</li></ul>



<p>sowie in beiden Bereichen:</p>



<ul class="wp-block-list"><li>Deutsch/Kommunikation</li><li>Mathematik</li><li>Englisch</li><li>Wirtschafts- und Betriebslehre</li><li>Politik/Gesellschaftslehre</li><li>Sport/Gesundheitsförderung</li></ul>



<p>Differenzierungsbereich:</p>



<ul class="wp-block-list"><li>gemäß Entscheidung der Bildungsgangkonferenz z.B. Datenverarbeitung</li></ul>
</div></div>



<div class="wp-block-pb-accordion-item c-accordion__item js-accordion-item no-js" data-initially-open="false" data-click-to-close="true" data-auto-close="true" data-scroll="false" data-scroll-offset="0"><h4 id="at-90761" class="c-accordion__title js-accordion-controller" role="button">Welche Praktika absolviere ich?</h4><div id="ac-90761" class="c-accordion__content">
<p>Im Bereich Ernährungs- und Versorgungsmanagement:</p>



<ul class="wp-block-list"><li>ein dreiwöchiges Betriebspraktikum z.B. im Hotel, Restaurant, Großküche, Bäckerei, Konditorei</li></ul>



<p>Im Bereich Gesundheit/Erziehung und Soziales:</p>



<ul class="wp-block-list"><li>ein dreiwöchiges Betriebspraktikum z.B. im Krankenhaus, im Kindergarten oder in einer Altenpflegeeinrichtung</li></ul>
</div></div>



<div class="wp-block-pb-accordion-item c-accordion__item js-accordion-item no-js" data-initially-open="false" data-click-to-close="true" data-auto-close="true" data-scroll="false" data-scroll-offset="0"><h4 id="at-31146" class="c-accordion__title js-accordion-controller" role="button">Welche Besonderheiten bietet der Bildungsgang?</h4><div id="ac-31146" class="c-accordion__content">
<ul class="wp-block-list"><li>die Berufsfachschule bietet berufliche Kenntnisse und damit Praxisnähe; außerdem die Gewissheit das richtige Berufsfeld gewählt zu haben</li><li>Entscheidungshilfe bei der Berufswahl</li><li>Vorteile bei der Suche nach einem Ausbildungsplatz im Berufsfeld durch das integrierte Praktikum</li></ul>
</div></div>



<div class="wp-block-pb-accordion-item c-accordion__item js-accordion-item no-js" data-initially-open="false" data-click-to-close="true" data-auto-close="true" data-scroll="false" data-scroll-offset="0"><h4 id="at-17044" class="c-accordion__title js-accordion-controller" role="button">Welche Möglichkeiten bieten sich mir mit dem Schulabschluss?</h4><div id="ac-17044" class="c-accordion__content">
<p>Erfolgreiche Absolventen erhalten ein Abschusszeugnis.</p>



<p>Der Abschluss</p>



<ul class="wp-block-list"><li>vermittelt den mittleren Schulabschluss (Fachoberschulreife)</li><li>öffnet den Absolventen weitere Ausbildungswege<ul><li>im Bereich Ernährungs- und Versorgungsmanagement z.B. im Gastgewerbe, Lebensmittelhandwerk oder im Bereich Hauswirtschaft</li><li>im Bereich Gesundheit/Erziehung und Soziales z.B. in der Alten-/Krankenpflege oder im sozialen Bereich</li></ul></li><li>vermittelt bei bestimmten Mindestleistungen den &#8222;Q-Vermerk&#8220; für den Besuch der Gymnasialen Oberstufe</li></ul>
</div></div>



<div class="wp-block-pb-accordion-item c-accordion__item js-accordion-item no-js" data-initially-open="false" data-click-to-close="true" data-auto-close="true" data-scroll="false" data-scroll-offset="0"><h4 id="at-44846" class="c-accordion__title js-accordion-controller" role="button">Wie kann ich mich für den Bildungsgang anmelden?</h4><div id="ac-44846" class="c-accordion__content">
<p>Anmeldungen für das nächste Schuljahr sind direkt nach dem Erhalt des Halbjahreszeugnisses im Online-Verfahren in der Sek. I-Schule oder direkt in unserem Berufskolleg möglich (<a href="http://www.schulbewerbung.de/" target="_blank" rel="noreferrer noopener">www.schulbewerbung.de</a>).</p>



<p>Folgende Unterlagen müssen bei uns abgegeben werden:</p>



<ul class="wp-block-list"><li>Tabellarischer Lebenslauf</li><li>Kopie des Halbjahreszeugnisses oder</li><li>Abschluss- oder Abgangszeugnisse als beglaubigte Kopien.</li></ul>



<p>Ein Angebot zur persönlichen Beratung besteht an den Informationstagen, die in der Presse und im Internet bekannt gegeben werden.</p>
</div></div>



<div class="wp-block-pb-accordion-item c-accordion__item js-accordion-item no-js" data-initially-open="false" data-click-to-close="true" data-auto-close="true" data-scroll="false" data-scroll-offset="0"><h4 id="at-11536" class="c-accordion__title js-accordion-controller" role="button">Flyer zum Bildungsgang</h4><div id="ac-11536" class="c-accordion__content">
<p><a href="http://hwbk.de/WordPress_02/wp-content/uploads/2024/11/05_Berfusfachschule-fuer-Ernaehrungs_und_Vorsogungsmanagment_Infoflyer_2024.pdf" target="_blank" rel="noreferrer noopener">Flyer für die Berufsfachschule Stufe 2, Schwerpunkt Ernährungs- und Versorgungsmanagement</a></p>



<p><a href="http://hwbk.de/WordPress_02/wp-content/uploads/2024/11/06_GesundheitErziehungSoziales_Infoflyer_2024.pdf" target="_blank" rel="noreferrer noopener">Flyer für die Berufsfachschule Stufe 2, Schwerpunkt Gesundheit/Erziehung und Soziales</a></p>
</div></div>
</div>



<div class="wp-block-column is-layout-flow wp-block-column-is-layout-flow" style="flex-basis:33.33%">
<h4 class="wp-block-heading">Ansprechpartnerin</h4>



<p>Frau Westen</p>



<p>✉ <a href="mailto:westen@hwbk.de">westen@hwbk.de</a></p>



<p>☎ 05251/1423-200</p>



<figure class="wp-block-embed is-type-video is-provider-youtube wp-block-embed-youtube wp-embed-aspect-16-9 wp-has-aspect-ratio"><div class="wp-block-embed__wrapper">
<iframe loading="lazy"  id="_ytid_20081"  width="480" height="270"  data-origwidth="480" data-origheight="270" src="https://www.youtube.com/embed/qLWjw435kjI?enablejsapi=1&#038;autoplay=0&#038;cc_load_policy=0&#038;cc_lang_pref=&#038;iv_load_policy=1&#038;loop=0&#038;rel=0&#038;fs=1&#038;playsinline=0&#038;autohide=2&#038;theme=dark&#038;color=red&#038;controls=1&#038;disablekb=0&#038;" class="__youtube_prefs__  epyt-is-override  no-lazyload" title="YouTube player"  allow="fullscreen; accelerometer; autoplay; clipboard-write; encrypted-media; gyroscope; picture-in-picture; web-share" referrerpolicy="strict-origin-when-cross-origin" allowfullscreen data-no-lazy="1" data-skipgform_ajax_framebjll=""></iframe>
</div></figure>



<figure class="wp-block-embed is-type-video is-provider-youtube wp-block-embed-youtube wp-embed-aspect-16-9 wp-has-aspect-ratio"><div class="wp-block-embed__wrapper">
<iframe loading="lazy"  id="_ytid_83525"  width="480" height="270"  data-origwidth="480" data-origheight="270" src="https://www.youtube.com/embed/Ju9yFlKlfIc?enablejsapi=1&#038;autoplay=0&#038;cc_load_policy=0&#038;cc_lang_pref=&#038;iv_load_policy=1&#038;loop=0&#038;rel=0&#038;fs=1&#038;playsinline=0&#038;autohide=2&#038;theme=dark&#038;color=red&#038;controls=1&#038;disablekb=0&#038;" class="__youtube_prefs__  epyt-is-override  no-lazyload" title="YouTube player"  allow="fullscreen; accelerometer; autoplay; clipboard-write; encrypted-media; gyroscope; picture-in-picture; web-share" referrerpolicy="strict-origin-when-cross-origin" allowfullscreen data-no-lazy="1" data-skipgform_ajax_framebjll=""></iframe>
</div></figure>
</div>
</div>



<p></p>

<p>Berufsfachschule Stufe 2 (BFSE12 / BFSG12) Schwerpunkte: Ernährungs- und Versorgungsmanagement (BFSE12) Gesundheit/Erziehung und Soziales (BFSG12) Die Klassen der Berufsfachschule Stufe 2 bieten als einjährige Bildungsgänge in Vollzeitform die Möglichkeit den Mittleren Schulabschluss (Fachoberschulreife) zu erwerben. Gleichzeitig erhält man über den &hellip; <a href="https://hwbk.de/WordPress_02/bildungsgange/berufsfachschule-abschluss-mittlere-reife/bfs-11-12/">Continue reading <span class="meta-nav">&rarr;</span></a></p>
