{"id":1782,"date":"2015-09-02T18:39:47","date_gmt":"2015-09-02T19:39:47","guid":{"rendered":"http:\/\/blog.hwbk.de\/?page_id=1782"},"modified":"2026-02-13T09:03:45","modified_gmt":"2026-02-13T10:03:45","slug":"gestaltung","status":"publish","type":"page","link":"https:\/\/hwbk.de\/WordPress_02\/bildungsgange\/fachoberschule-abschluss-fachabitur\/gestaltung\/","title":{"rendered":"Fachoberschule Gestaltung"},"content":{"rendered":"\n<h2 class=\"wp-block-heading\" id=\"block-c0d53e30-67f3-468b-af74-e24df5080d40\">Fachoberschule f\u00fcr Gestaltung<\/h2>\n\n\n\n<div class=\"wp-block-columns is-layout-flex wp-container-core-columns-is-layout-9d6595d7 wp-block-columns-is-layout-flex\">\n<div class=\"wp-block-column is-layout-flow wp-block-column-is-layout-flow\" style=\"flex-basis:75%\">\n<p>Die Fachoberschule f\u00fcr Gestaltung bietet als zweij\u00e4hriger Bildungsgang eine fachliche Qualifizierung im Gestaltung. Gleichzeitig erh\u00e4lt man \u00fcber das Jahrespraktikum die M\u00f6glichkeit, berufliche Praxis des Bereichs Gestaltung, Design und Grafik zu erleben. F\u00fcr Sch\u00fclerinnen und Sch\u00fcler dient das zweite Jahr als Vorbereitung f\u00fcr die Erlangung der Fachhochschulreife (&#8222;Fachabitur&#8220;) als Basis f\u00fcr eine Ausbildung oder ein Studium.<\/p>\n\n\n\n<div class=\"wp-block-pb-accordion-item c-accordion__item js-accordion-item no-js\" data-initially-open=\"false\" data-click-to-close=\"true\" data-auto-close=\"true\" data-scroll=\"false\" data-scroll-offset=\"0\"><h4 id=\"at-17820\" class=\"c-accordion__title js-accordion-controller\" role=\"button\">Welche Voraussetzungen muss ich erf\u00fcllen?<\/h4><div id=\"ac-17820\" class=\"c-accordion__content\">\n<ul class=\"wp-block-list\">\n<li>Mittlerer Schulabschluss (&#8222;Realschulabschluss&#8220;)<\/li>\n\n\n\n<li>f\u00fcr die Klasse 11: Abschluss eines Praktikumsvertrages f\u00fcr ein Jahr in Betrieben des gro\u00dfen Feldes Kunst, Design, Gestaltung (z. B. Innenarchitekten, Werbeagenturen etc.)<\/li>\n\n\n\n<li>f\u00fcr den Seiteneinstieg in die Klasse 12: mind. zweij\u00e4hrige auf den Schultyp bezogene abgeschlossene Berufsausbildung. <\/li>\n<\/ul>\n<\/div><\/div>\n\n\n\n<div class=\"wp-block-pb-accordion-item c-accordion__item js-accordion-item no-js\" data-initially-open=\"false\" data-click-to-close=\"true\" data-auto-close=\"true\" data-scroll=\"false\" data-scroll-offset=\"0\"><h4 id=\"at-17821\" class=\"c-accordion__title js-accordion-controller\" role=\"button\">Welchen Schulabschluss kann ich erreichen?<\/h4><div id=\"ac-17821\" class=\"c-accordion__content\">\n<ul class=\"wp-block-list\">\n<li>Fachhochschulreife (&#8222;Fachabitur) und berufliche Kenntnisse<\/li>\n<\/ul>\n<\/div><\/div>\n\n\n\n<div class=\"wp-block-pb-accordion-item c-accordion__item js-accordion-item no-js\" data-initially-open=\"false\" data-click-to-close=\"true\" data-auto-close=\"true\" data-scroll=\"false\" data-scroll-offset=\"0\"><h4 id=\"at-17822\" class=\"c-accordion__title js-accordion-controller\" role=\"button\">Welche Unterrichtsf\u00e4cher belege ich?<\/h4><div id=\"ac-17822\" class=\"c-accordion__content\">\n<p>Der Unterricht wird in der Regel im Klassenverband erteilt.<br>Klasse 11: zwei Unterrichtstage je Woche (12 Schulstunden) und 4 Tage Praktikum<br>Klasse 12: Vollzeitunterricht mit 34 Schulstunden je Woche<\/p>\n\n\n\n<ul class=\"wp-block-list\">\n<li>Gestaltungstechnik<\/li>\n\n\n\n<li>freies und konstruktives Zeichnen*<\/li>\n\n\n\n<li>Kunst\/Kunstgeschichte*<\/li>\n\n\n\n<li>Mathematik<\/li>\n\n\n\n<li>Englisch<\/li>\n\n\n\n<li>Deutsch\/Kommunikation<\/li>\n\n\n\n<li>Religionslehre<\/li>\n\n\n\n<li>Sport\/Gesundheitsf\u00f6rderung<\/li>\n\n\n\n<li>Politik\/Gesellschaftslehre<\/li>\n\n\n\n<li>Biologie *)<\/li>\n\n\n\n<li>Informatik *)<\/li>\n\n\n\n<li>Wirtschaftslehre *)<br>*) nur in Klasse 12<\/li>\n<\/ul>\n<\/div><\/div>\n\n\n\n<div class=\"wp-block-pb-accordion-item c-accordion__item js-accordion-item no-js\" data-initially-open=\"false\" data-click-to-close=\"true\" data-auto-close=\"true\" data-scroll=\"false\" data-scroll-offset=\"0\"><h4 id=\"at-17823\" class=\"c-accordion__title js-accordion-controller\" role=\"button\">Welche Praktika absolviere ich?<\/h4><div id=\"ac-17823\" class=\"c-accordion__content\">\n<p>Das Praktikum in der Klasse 11 findet vom 1. August bis 31. Juli eines Schuljahres statt. Der Praktikantenvertrag ist Voraussetzung f\u00fcr den Schulbesuch. Er muss bis zum 31. Mai eines Schuljahres beim Berufskolleg vorgelegt werden. Als Praktikumsstellen eignen sich z. B. Werbegrafiker, Innenarchitekten, Modedesigner etc.<\/p>\n\n\n\n<p><a href=\"http:\/\/hwbk.de\/WordPress_02\/wp-content\/uploads\/2026\/02\/Praktikumsvertrag-Fachoberschule-Klasse-11-1.pdf\" target=\"_blank\" rel=\"noreferrer noopener\">Vorlage Praktikumsvertrag (pdf)<\/a><\/p>\n<\/div><\/div>\n\n\n\n<div class=\"wp-block-pb-accordion-item c-accordion__item js-accordion-item no-js\" data-initially-open=\"false\" data-click-to-close=\"true\" data-auto-close=\"true\" data-scroll=\"false\" data-scroll-offset=\"0\"><h4 id=\"at-17824\" class=\"c-accordion__title js-accordion-controller\" role=\"button\">Welche Besonderheiten bietet der Bildungsgang?<\/h4><div id=\"ac-17824\" class=\"c-accordion__content\">\n<ul class=\"wp-block-list\">\n<li>Unterricht im Klassenverband<\/li>\n\n\n\n<li>Theorie-Praxis-Verkn\u00fcpfung<\/li>\n<\/ul>\n<\/div><\/div>\n\n\n\n<div class=\"wp-block-pb-accordion-item c-accordion__item js-accordion-item no-js\" data-initially-open=\"false\" data-click-to-close=\"true\" data-auto-close=\"true\" data-scroll=\"false\" data-scroll-offset=\"0\"><h4 id=\"at-17825\" class=\"c-accordion__title js-accordion-controller\" role=\"button\">Welche M\u00f6glichkeiten bieten sich mir mit dem Schulabschluss?<\/h4><div id=\"ac-17825\" class=\"c-accordion__content\">\n<p>Grunds\u00e4tzlich kann jedes beliebige Fachhochschulstudium gew\u00e4hlt werden, wobei eventuell vor oder w\u00e4hrend des Studiums Zusatzpraktika zu absolvieren sind. Besonders geeignete Studieng\u00e4nge: Design, Modedesign, Textildesign, Werbegrafik, Architektur etc.<\/p>\n<\/div><\/div>\n\n\n\n<div class=\"wp-block-pb-accordion-item c-accordion__item js-accordion-item no-js\" data-initially-open=\"false\" data-click-to-close=\"true\" data-auto-close=\"true\" data-scroll=\"false\" data-scroll-offset=\"0\"><h4 id=\"at-17826\" class=\"c-accordion__title js-accordion-controller\" role=\"button\">Wie kann ich mich f\u00fcr den Bildungsgang anmelden?<\/h4><div id=\"ac-17826\" class=\"c-accordion__content\">\n<p>Anmeldungen f\u00fcr das n\u00e4chste Schuljahr direkt nach den Halbjahreszeugnissen im Online-Verfahren in der &#8222;SEK I&#8220;-Schule oder direkt in unserem Berufskolleg. Folgende Bewerbungsunterlagen m\u00fcssen bei uns eingehen:<\/p>\n\n\n\n<ul class=\"wp-block-list\">\n<li>tabellarischer Lebenslauf<\/li>\n\n\n\n<li>Kopie des Halbjahreszeugnisses oder Abschluss- oder Abgangszeugnisse<\/li>\n\n\n\n<li>Nachweis des Berufsabschlusses oder gleichwertiger Voraussetzungen<\/li>\n<\/ul>\n\n\n\n<p>Ein Angebot zur pers\u00f6nlichen Beratung besteht an den Informationstagen (November und Januar\/Februar). <a href=\"http:\/\/hwbk.de\/WordPress_02\/beratung\/\">Weitere Informationen erh\u00e4lst du hier<\/a>.<\/p>\n<\/div><\/div>\n\n\n\n<div class=\"wp-block-pb-accordion-item c-accordion__item js-accordion-item no-js\" data-initially-open=\"false\" data-click-to-close=\"true\" data-auto-close=\"true\" data-scroll=\"false\" data-scroll-offset=\"0\"><h4 id=\"at-17827\" class=\"c-accordion__title js-accordion-controller\" role=\"button\">Flyer zum Bildungsgang<\/h4><div id=\"ac-17827\" class=\"c-accordion__content\">\n<p><a href=\"http:\/\/hwbk.de\/WordPress_02\/wp-content\/uploads\/2024\/11\/11_Fachoberschule-fuer-Gestaltung_Infoflyer_2024.pdf\" target=\"_blank\" rel=\"noreferrer noopener\">Flyer<\/a><\/p>\n<\/div><\/div>\n<\/div>\n\n\n\n<div class=\"wp-block-column is-layout-flow wp-block-column-is-layout-flow\" style=\"flex-basis:25%\">\n<h4 class=\"wp-block-heading\">Ansprechpartnerin<\/h4>\n\n\n\n<p>Frau Reinecke<\/p>\n\n\n\n<p>\u2709 <a href=\"mailto:reinecke@hwbk.de\" data-type=\"link\" data-id=\"reinecke@hwbk.de\">reinecke@hwbk.de<\/a><\/p>\n\n\n\n<p>\u260e 05251\/1423-200<\/p>\n\n\n\n<p><a href=\"http:\/\/hwbk.de\/WordPress_02\/wp-content\/uploads\/2026\/02\/Praktikumsvertrag-Fachoberschule-Klasse-11-1.pdf\" target=\"_blank\" rel=\"noreferrer noopener\">Vorlage Praktikumsvertrag (pdf)<\/a><\/p>\n\n\n\n<figure class=\"wp-block-embed is-type-video is-provider-youtube wp-block-embed-youtube wp-embed-aspect-16-9 wp-has-aspect-ratio\"><div class=\"wp-block-embed__wrapper\">\n<iframe loading=\"lazy\"  id=\"_ytid_14921\"  width=\"480\" height=\"270\"  data-origwidth=\"480\" data-origheight=\"270\" src=\"https:\/\/www.youtube.com\/embed\/S2LW0uCP2Oc?enablejsapi=1&#038;autoplay=0&#038;cc_load_policy=0&#038;cc_lang_pref=&#038;iv_load_policy=1&#038;loop=0&#038;rel=0&#038;fs=1&#038;playsinline=0&#038;autohide=2&#038;theme=dark&#038;color=red&#038;controls=1&#038;disablekb=0&#038;\" class=\"__youtube_prefs__  epyt-is-override  no-lazyload\" title=\"YouTube player\"  allow=\"fullscreen; accelerometer; autoplay; clipboard-write; encrypted-media; gyroscope; picture-in-picture; web-share\" referrerpolicy=\"strict-origin-when-cross-origin\" allowfullscreen data-no-lazy=\"1\" data-skipgform_ajax_framebjll=\"\"><\/iframe>\n<\/div><\/figure>\n<\/div>\n<\/div>\n\n\n\n<p><\/p>\n","protected":false},"excerpt":{"rendered":"<p>Fachoberschule f\u00fcr Gestaltung Die Fachoberschule f\u00fcr Gestaltung bietet als zweij\u00e4hriger Bildungsgang eine fachliche Qualifizierung im Gestaltung. Gleichzeitig erh\u00e4lt man \u00fcber das Jahrespraktikum die M\u00f6glichkeit, berufliche Praxis des Bereichs Gestaltung, Design und Grafik zu erleben. F\u00fcr Sch\u00fclerinnen und Sch\u00fcler dient das &hellip; <a href=\"https:\/\/hwbk.de\/WordPress_02\/bildungsgange\/fachoberschule-abschluss-fachabitur\/gestaltung\/\">Continue reading <span class=\"meta-nav\">&rarr;<\/span><\/a><\/p>\n","protected":false},"author":8,"featured_media":0,"parent":861,"menu_order":1,"comment_status":"closed","ping_status":"closed","template":"","meta":{"footnotes":""},"class_list":["post-1782","page","type-page","status-publish","hentry"],"_links":{"self":[{"href":"https:\/\/hwbk.de\/WordPress_02\/wp-json\/wp\/v2\/pages\/1782","targetHints":{"allow":["GET"]}}],"collection":[{"href":"https:\/\/hwbk.de\/WordPress_02\/wp-json\/wp\/v2\/pages"}],"about":[{"href":"https:\/\/hwbk.de\/WordPress_02\/wp-json\/wp\/v2\/types\/page"}],"author":[{"embeddable":true,"href":"https:\/\/hwbk.de\/WordPress_02\/wp-json\/wp\/v2\/users\/8"}],"replies":[{"embeddable":true,"href":"https:\/\/hwbk.de\/WordPress_02\/wp-json\/wp\/v2\/comments?post=1782"}],"version-history":[{"count":24,"href":"https:\/\/hwbk.de\/WordPress_02\/wp-json\/wp\/v2\/pages\/1782\/revisions"}],"predecessor-version":[{"id":7379,"href":"https:\/\/hwbk.de\/WordPress_02\/wp-json\/wp\/v2\/pages\/1782\/revisions\/7379"}],"up":[{"embeddable":true,"href":"https:\/\/hwbk.de\/WordPress_02\/wp-json\/wp\/v2\/pages\/861"}],"wp:attachment":[{"href":"https:\/\/hwbk.de\/WordPress_02\/wp-json\/wp\/v2\/media?parent=1782"}],"curies":[{"name":"wp","href":"https:\/\/api.w.org\/{rel}","templated":true}]}}