{"id":5875,"date":"2022-09-07T05:17:39","date_gmt":"2022-09-07T06:17:39","guid":{"rendered":"http:\/\/hwbk.de\/WordPress_02\/?page_id=5875"},"modified":"2022-10-24T11:26:39","modified_gmt":"2022-10-24T12:26:39","slug":"tag-der-paderborner-berufskollegs","status":"publish","type":"page","link":"https:\/\/hwbk.de\/WordPress_02\/tag-der-paderborner-berufskollegs\/","title":{"rendered":"Tag der Berufskollegs Paderborn"},"content":{"rendered":"\n<figure class=\"wp-block-image size-large\"><img loading=\"lazy\" decoding=\"async\" width=\"1024\" height=\"485\" src=\"http:\/\/hwbk.de\/WordPress_02\/wp-content\/uploads\/2022\/09\/flyer_dachmarke-1024x485-1.png\" alt=\"\" class=\"wp-image-5859\" srcset=\"https:\/\/hwbk.de\/WordPress_02\/wp-content\/uploads\/2022\/09\/flyer_dachmarke-1024x485-1.png 1024w, https:\/\/hwbk.de\/WordPress_02\/wp-content\/uploads\/2022\/09\/flyer_dachmarke-1024x485-1-300x142.png 300w, https:\/\/hwbk.de\/WordPress_02\/wp-content\/uploads\/2022\/09\/flyer_dachmarke-1024x485-1-128x61.png 128w, https:\/\/hwbk.de\/WordPress_02\/wp-content\/uploads\/2022\/09\/flyer_dachmarke-1024x485-1-768x364.png 768w\" sizes=\"auto, (max-width: 1024px) 100vw, 1024px\" \/><\/figure>\n\n\n\n<p>Am Mittwoch, <strong>26.10.2022<\/strong> k\u00f6nnen <strong>angemeldete* <\/strong>Sch\u00fclerinnen und Sch\u00fcler<strong> <\/strong>an einem Schnupperunterricht teilnehmen und das Helene-Weber-Berufskolleg mit den vielf\u00e4ltigen M\u00f6glichkeiten kennenlernen. <\/p>\n\n\n\n<p>Die einzelnen Fachbereiche geben Dir einen Einblick in den Unterricht, Du kannst Dich mit Sch\u00fclerinnen und Sch\u00fclern austauschen und zu Deinen Interessen beraten lassen.<\/p>\n\n\n\n<p>Folgende Angebote haben wir f\u00fcr Euch:<\/p>\n\n\n\n<p><strong>Traumjob Erzieher*in<\/strong><br>Du m\u00f6chtest mit Kindern und Jugendlichen zusammenarbeiten? Wir zeigen Dir den Weg dahin und lassen Dich in sozialp\u00e4dagogische Themen hineinschnuppern.<\/p>\n\n\n\n<p><strong>Sportlich zum Abitur<\/strong> <br>Die Themen Sport und Biologie sowie der Umgang mit Sportgruppen sprechen Dich an? Dann sei dabei, wenn wir Dich fit machen.<\/p>\n\n\n\n<p><strong>&#8222;Health &amp; Care&#8220; &#8211; Es geht um dich! (#1)<\/strong><br>Bei uns bekommst du einen <strong>\u201ehonigs\u00fc\u00dfen\u201c<\/strong> und spannenden Einblick in die Bildungsg\u00e4nge und Themen im Bereich Gesundheit am HWBK.<\/p>\n\n\n\n<p><strong>&#8222;Health &amp; Care&#8220; &#8211; Es geht um dich! (#2)<\/strong><br>Bei uns bekommst Du \u201e<strong>Herzklopfen\u201c<\/strong> und einen spannenden Einblick in die Bildungsg\u00e4nge und Themen im Bereich Gesundheit am HWBK.<\/p>\n\n\n\n<p><strong>&#8222;Handwerkszeug des Gestalters&#8220;<\/strong><br>Hast Du Spa\u00df daran, mit einfachen Gestaltungsmitteln gro\u00dfe Wirkung zu erzielen? Dann probiere mit uns Komposotionen aus, wie sie im Bildungsgang Gestaltung verwendet werden.<\/p>\n\n\n\n<p><strong>&#8222;Vom Auftrag zum Design&#8220;<\/strong><br>Nachhaltig, f\u00fcr Jugendliche und g\u00fcnstig soll es sein? Oder doch regional, f\u00fcr Frauen und hochpreisig? Entwirf mit uns ein qualit\u00e4tsvolles Produktdesign, auch wenn der Auftraggeber noch so spezielle W\u00fcnsche hat und gewinne damit einen Einblick in die Arbeitsweise im Bildungsgang Gestaltung.<\/p>\n\n\n\n<p><em>*Die Anmeldungen zum Tag der Berufskollegs erfolgten \u00fcber die aktuellen Schulen.<\/em><\/p>\n\n\n\n<p>(Stand: 24.10.2022).<\/p>\n","protected":false},"excerpt":{"rendered":"<p>Am Mittwoch, 26.10.2022 k\u00f6nnen angemeldete* Sch\u00fclerinnen und Sch\u00fcler an einem Schnupperunterricht teilnehmen und das Helene-Weber-Berufskolleg mit den vielf\u00e4ltigen M\u00f6glichkeiten kennenlernen. Die einzelnen Fachbereiche geben Dir einen Einblick in den Unterricht, Du kannst Dich mit Sch\u00fclerinnen und Sch\u00fclern austauschen und zu &hellip; <a href=\"https:\/\/hwbk.de\/WordPress_02\/tag-der-paderborner-berufskollegs\/\">Continue reading <span class=\"meta-nav\">&rarr;<\/span><\/a><\/p>\n","protected":false},"author":8,"featured_media":0,"parent":0,"menu_order":0,"comment_status":"closed","ping_status":"closed","template":"","meta":{"footnotes":""},"class_list":["post-5875","page","type-page","status-publish","hentry"],"_links":{"self":[{"href":"https:\/\/hwbk.de\/WordPress_02\/wp-json\/wp\/v2\/pages\/5875","targetHints":{"allow":["GET"]}}],"collection":[{"href":"https:\/\/hwbk.de\/WordPress_02\/wp-json\/wp\/v2\/pages"}],"about":[{"href":"https:\/\/hwbk.de\/WordPress_02\/wp-json\/wp\/v2\/types\/page"}],"author":[{"embeddable":true,"href":"https:\/\/hwbk.de\/WordPress_02\/wp-json\/wp\/v2\/users\/8"}],"replies":[{"embeddable":true,"href":"https:\/\/hwbk.de\/WordPress_02\/wp-json\/wp\/v2\/comments?post=5875"}],"version-history":[{"count":8,"href":"https:\/\/hwbk.de\/WordPress_02\/wp-json\/wp\/v2\/pages\/5875\/revisions"}],"predecessor-version":[{"id":5941,"href":"https:\/\/hwbk.de\/WordPress_02\/wp-json\/wp\/v2\/pages\/5875\/revisions\/5941"}],"wp:attachment":[{"href":"https:\/\/hwbk.de\/WordPress_02\/wp-json\/wp\/v2\/media?parent=5875"}],"curies":[{"name":"wp","href":"https:\/\/api.w.org\/{rel}","templated":true}]}}